05145. What is the hundreds digit of l?
8
What is the thousands digit of (2806/(-115))/(48/(-168) - (-4503)/15785)?
5
Suppose -4*q + 2*w = -77622, 25*q - 5*w - 38799 = 23*q. What is the hundreds digit of q?
4
What is the thousands digit of (428/8)/(-9 + 14855/1650)?
7
Suppose 17*y = 14*y + 9. Suppose 10 = 2*z + 2*x, 4*z - 11 = -4*x + y*x. Suppose 118 + 116 = z*b + 3*k, 3*b - 357 = -3*k. What is the hundreds digit of b?
1
Suppose -14*m - 4*n = -13*m - 11110, -m = 3*n - 11105. What is the hundreds digit of m?
0
Suppose 432 = -31*s + 37*s. Suppose 0 = -17*m + 15*m + s. Suppose -4*z = -h - 12 + m, -5*h + 165 = -5*z. What is the tens digit of h?
3
Suppose 18*j + 9 = 63. Let s(h) = 3*h + 11 + h**3 - 5*h**2 - 3*h**j - 36 + 11. What is the units digit of s(-5)?
6
Let h(a) = -302*a**3 - 2*a**2 - 14*a - 28. Let g be h(-2). What is the tens digit of ((-8)/4)/(-6) - g/(-12)?
0
Suppose -17*v + 171 + 101 = 0. What is the tens digit of ((-275)/88)/((-2)/v)?
2
Let t(v) = -v**3 + 11*v**2 + 29*v - 77. What is the units digit of t(-12)?
7
Let o = 122849 + -73189. What is the tens digit of o?
6
Let g(n) = 940*n + 468. What is the thousands digit of g(10)?
9
Let a = -498 + 389. Let r = 474 + a. What is the units digit of r?
5
Let c = 56 + -55. Let s(b) = 23*b**2 - 3*b + 1. Let i be s(c). What is the hundreds digit of 6/(-21) - (-4353)/i?
2
Let l(d) = 13*d**2 - 23*d + 1697. What is the tens digit of l(69)?
0
Let c = -165 - -167. What is the hundreds digit of ((-2)/(-4))/(c/2128)?
5
Let f be 2*15/10*(-370)/(-6). Suppose 35 - f = -2*w. What is the tens digit of w?
7
Let n = 306 + -47. What is the hundreds digit of (-4)/(-14) - (-104562)/n?
4
Suppose -19*j - 18*j + 1994633 = 0. What is the tens digit of j?
0
What is the tens digit of ((-378642)/(-42) - -4) + 4/(-14)?
1
Let c = -216 + 200. Let d = c + 145. What is the tens digit of d?
2
Suppose 0 = 4*y + 20, 0 = 4*l - 5*l - 2*y + 54. Suppose 4*v - 5*a = 412, -31*a + 286 = 3*v - 29*a. Let t = v - l. What is the units digit of t?
4
Let b(p) be the second derivative of p**5/12 - 2*p**4/3 + 5*p**3/3 + 13*p**2 - 26*p. Let g(v) be the first derivative of b(v). What is the tens digit of g(4)?
2
Suppose -8*v - 105601 = -10*v - 7*p, -5*v + 3*p + 264146 = 0. What is the hundreds digit of v?
8
Let n be (8 - -1)*52/39. Suppose -35 = n*d - 5*d. What is the hundreds digit of (21/(-12))/(d/540)?
1
Suppose 3*s - 4*j - 5 = 0, -3*s + 6*j - 3*j + 6 = 0. Let w be s/(12/(-32)) + 4. What is the tens digit of (-2 + 173)*w/(-12)?
5
Let x(n) = -587*n - 420. What is the tens digit of x(-19)?
3
Let r = 1767 + -1648. What is the units digit of r?
9
Let d(l) = 2*l**2 - 10*l - 3. Let t be d(8). Let j = 25 - t. Let v = 43 - j. What is the tens digit of v?
6
Suppose w - 4*o + 1763 + 1792 = 2*w, 0 = -2*o. What is the thousands digit of w?
3
What is the thousands digit of 1*-18*(-2 - (-9121)/(-14))?
1
Suppose -3*a - 6*i + 26787 = -9*i, -3*i + 8937 = a. Suppose 21*q = 8*q + a. What is the tens digit of q?
8
Suppose -3*r - 2*n = -1041, 1652 - 611 = 3*r + 3*n. Let s = 628 - r. What is the hundreds digit of s?
2
Let t = -14 + 16. Suppose -t = -o - y, -y = 4 - 2. Suppose 42 = 7*n - o*n. What is the tens digit of n?
1
Let h(a) = 15*a - 12. Let u be h(-4). Let y = u + 97. Let r(k) = -k**2 + 37*k - 12. What is the hundreds digit of r(y)?
2
Suppose -f + 42*n + 11020 = 37*n, -f - 4*n + 10975 = 0. What is the units digit of f?
5
Let g be 15*4/36*(2 - -1). Suppose g*d = 2*d + 330. Suppose 0 = -2*k + 4*j + d, -10 = -4*j + 2. What is the units digit of k?
1
Let b(m) = -2*m + 29. Let s be b(8). Suppose 17 = c + s. Suppose -3*r + 0*r - x = -210, -273 = -c*r + x. What is the tens digit of r?
6
Suppose -19*l + 10*l - 407400 = -30*l. What is the ten thousands digit of l?
1
Let s = -3090 + 3587. What is the units digit of s?
7
Let l = 7 + -7. Let f(u) = -2*u + 387. What is the tens digit of f(l)?
8
Let o = 11 - 33. Let m = o + 26. What is the tens digit of 1136/12 + m/3?
9
Suppose -5*q + 4528 = -3*j, 2*j - 4*j - 3624 = -4*q. Suppose 5*x = -q + 4403. What is the units digit of x?
9
Suppose 17*s + 45 = 8*s. Let w be s*(1/4 - (-6)/8). What is the units digit of (-3 + (-27)/(-12))/(w/460)?
9
Suppose -4*x - 4*p = -49408, -47919 = -4*x + 5*p + 1408. What is the ten thousands digit of x?
1
Let p(m) = -m**3 - 10*m**2 - 11*m - 14. Let j be p(-9). What is the tens digit of ((-43)/(-2) + -2 + -4)*j?
6
Suppose 13*x - 219 = 171. Suppose 0 = x*w - 34528 + 13738. What is the tens digit of w?
9
Let x(d) = 3*d**2 + 2018 + 2*d**2 - 6*d**2 - 17*d - 1996. What is the units digit of x(-9)?
4
Let u be 0*(-5)/(-35) + (11 - -1). Suppose 18*n - u*n = 0. Suppose 5*c = 2*y + 442 + 174, -5*c + 5*y + 625 = n. What is the units digit of c?
2
Let d = 97 - 102. Let a be (d/3 + 1)/((-8)/444). Suppose -116 = -c + a. What is the tens digit of c?
5
Let i(y) be the first derivative of -25*y + 9/2*y**2 + 3. What is the tens digit of i(12)?
8
Let l be (-29)/(((-12)/28)/3). Let a = -109 + l. Suppose a = 6*k - 32. What is the units digit of k?
1
Let k(h) = -38642*h + 70. What is the thousands digit of k(-1)?
8
Let l(v) = v**2 - 4*v + 144. Let z be (-4)/(-14) + (-18)/63. What is the tens digit of l(z)?
4
Suppose 5*h = 5*j - 35, -6*h + 2*j + 16 = -10*h. What is the units digit of -1*2*h/((-10)/(-223))?
3
Suppose -6*b - 7 = -31. What is the thousands digit of 4151/b + 1 - (-49)/196?
1
Let b(u) = u**2 - 11*u + 20. Let c be b(9). Let t be c/(-7) + (-180)/(-42) + 3. Suppose 2*j = t*j - 580. What is the tens digit of j?
1
Suppose 0 = -k - 107 - 1530. Let s = 4857 + k. What is the tens digit of 6/(-5)*s/(-56)?
6
Let c be (3 + 0)*(-8 - 2). Let p = 28 + c. What is the tens digit of (p/4)/(5/(-10*15))?
1
Let v(m) = -69*m**3 + m**2 + 207*m + 206. What is the tens digit of v(-1)?
6
Let c(b) = -277 - 9*b + 6*b**2 + 267 - 2*b**2. What is the units digit of c(-4)?
0
Let v(y) = -695*y - 138. Let z(t) = 139*t + 28. Let f(i) = 2*v(i) + 11*z(i). What is the tens digit of f(7)?
0
Let d(c) = 440*c**2 + 60*c + 279. What is the thousands digit of d(-5)?
0
Suppose r = -1688 + 5203. What is the hundreds digit of r?
5
Let v = -40 + 42. Let r(q) = 2*q**2 - q. Let n be r(v). Suppose 327 = n*w - 201. What is the tens digit of w?
8
What is the tens digit of -3*15/9 - (-26593)/(9 - 2)?
9
Suppose 67*m = 71*m + 392. Suppose -2*b - 242 = -b. Let y = m - b. What is the hundreds digit of y?
1
Let o(q) = 30*q**2 - 12*q - 30. Let s be o(-7). Let g = s + -912. What is the units digit of g?
2
Let f(n) = -n**2 + 31*n - 212. Let c be f(11). What is the units digit of 1746/c + 7/(-28)?
8
Let z be (-560)/96 - (-5)/6. Let f = 15 - z. What is the tens digit of f?
2
Suppose 0 + 3 = 2*k - 3*r, 0 = -2*k + 4*r + 4. Suppose -3*b = -6, k*b = -3*y - 3*b. What is the units digit of ((-5)/(15/y))/((-6)/(-513))?
7
Let w(c) = 4*c**2 - 10*c + 4. Let y be w(4). What is the tens digit of (-4)/(-16) + (163065/y)/5?
6
Suppose 28 = -0*z + 7*z. Suppose -6*p = -p - n + 140, n - 113 = z*p. Let w = p - -46. What is the tens digit of w?
1
Suppose -267*i + 659699 = 22*i - 3596404. What is the units digit of i?
7
Let j = -116 + 120. What is the tens digit of 5*(264/15 - j)?
6
Let y(q) = 12*q**2 - 82*q + 94. What is the thousands digit of y(-22)?
7
Let r(s) = -21*s**3 + 11*s**2 + 11*s + 137. What is the hundreds digit of r(-9)?
2
Let d = -656 - -657. Let x(u) = 81*u - 1. Let p(s) = 80*s - 1. Let n(m) = 4*p(m) - 3*x(m). What is the units digit of n(d)?
6
Let u = -338 - -318. Let a(n) = -21*n - 74. What is the hundreds digit of a(u)?
3
Suppose 2 = 11*b - 97. Suppose b*c = -c + 200. Suppose -g + 21 = a - c, 2 = -g. What is the units digit of a?
3
Let j(w) = w**2 + 39*w + 117. Let n be j(-36). Suppose 3*h + 3*y - 605 - 856 = 0, 3*y = -n. What is the units digit of h?
0
Let r(j) = 37*j - 1006. Let d be r(28). Suppose -2*a - 2*a = 0. Suppose -l + 5*y + 16 = a, 2*l - 5*y - d = 17. What is the units digit of l?
1
What is the thousands digit of (11*6/(-24))/((-7)/27132)?
0
Let c(p) = 53*p - 55*p - 2 + 10. Let k be c(0). What is the units digit of ((-5)/4 - -1) + 546/k?
8
Suppose 3*y = -3*y + 24. What is the tens digit of 1/((-4)/(y + -276))*1?
6
Let a = 1888 - 1888. Let h = 3 - 2. What is the units digit of -1*(-4 + a - h)?
5
Let n(a) = 15*a - 75. Let v be n(7). Suppose -5001 = -v*t + 3